{"id":3638,"date":"2018-12-14T23:15:00","date_gmt":"2018-12-14T23:15:00","guid":{"rendered":"https:\/\/lucadezmir.com\/shop-beta\/?post_type=product&#038;p=3638"},"modified":"2023-02-21T15:49:30","modified_gmt":"2023-02-21T15:49:30","slug":"curs-introductiv-despre-sursele-de-venit-pasiv","status":"publish","type":"product","link":"https:\/\/lucadezmir.com\/shop\/produs\/curs-introductiv-despre-sursele-de-venit-pasiv\/","title":{"rendered":"Curs introductiv despre sursele de venit pasiv"},"content":{"rendered":"<p><strong>Curs introductiv despre sursele de venit pasiv.<\/strong><\/p>\n<p>Un curs online de Luca Dezmir, prezent pe platforma de<strong>\u00a0e-learning leducativ.com<\/strong><\/p>\n<p><span style=\"font-family: Verdana, Arial, Helvetica, sans-serif; font-size: 11px; font-style: normal; text-align: center; background-color: #fe6202;\"><strong>Accesul se realizeaz\u0103 prin internet. Durata de acces la curs este nelimitata. Vei primi acces la curs dupa confirmarea platii, in termen de 1-2 zile lucratoare, de obicei mai repede.<br \/>\n<\/strong><\/span><\/p>\n<p><span style=\"font-size: 1.6em; letter-spacing: .01em;\"><span style=\"color: #fe6202;\">Ce con\u0163ine cursul<\/span><\/span><\/p>\n<p><span style=\"color: #993300;\"><strong>Cursul este format din trei module.<\/strong><\/span><\/p>\n<p><span style=\"color: #fe6202;\"><strong>Modulul 1<\/strong>\u00a0<\/span>trateaz\u0103 urm\u0103toarele subiecte:<\/p>\n<ul>\n<li>necesitatea surselor de venit multiple \u00een situa\u0163ia actual\u0103 de criz\u0103;<\/li>\n<li>povestea surselor mele de venit;<\/li>\n<li>care sunt cele mai eficiente metode de a face bani;<\/li>\n<li>c\u00e2nd \u00eencepi s\u0103-\u0163i construie\u015fti surse de venit pasiv;<\/li>\n<li>modul de capitalizare \u015fi circuitul excedentar al banilor;<\/li>\n<li>defini\u0163ia surselor de venit pasiv.<\/li>\n<\/ul>\n<p><span style=\"color: #fe6202;\"><strong>Modulul 2<\/strong>\u00a0<\/span>trateaz\u0103 urm\u0103toarele subiecte:<\/p>\n<ul>\n<li>criteriile de alegere a unei afaceri, pentru a deveni o surs\u0103 de venit pasiv;<\/li>\n<li>cea mai simpl\u0103 metod\u0103 de a transforma o afacere \u00eentr-o surs\u0103 de venit pasiv;<\/li>\n<li>pa\u015fii construirii unei afaceri online;<\/li>\n<li>domeniile majore de investi\u0163ie, caracteristicile acestora;<\/li>\n<li>drepturile de proprietate intelectual\u0103 ca surse de venit pasiv;<\/li>\n<li>cele mai valoroase drepturi de proprietate intelectual\u0103.<\/li>\n<\/ul>\n<p><span style=\"color: #fe6202;\"><strong>Modulul 3<\/strong><\/span>\u00a0trateaz\u0103 urm\u0103toarele subiecte:<\/p>\n<ul>\n<li>cei patru pa\u015fi necesari pentru transformarea unei surse de venit \u00eentr-o surs\u0103 de venit pasiv;<\/li>\n<li>etapa construirii;<\/li>\n<li>etapa externaliz\u0103rii;<\/li>\n<li>etapa automatiz\u0103rii;<\/li>\n<li>prezentarea cursului CHRYSALIS.<\/li>\n<\/ul>\n<p><span style=\"color: #993300;\"><strong>Informa\u0163ia este oferit\u0103 \u00een variate forme de prezentare:<\/strong><\/span><\/p>\n<ul>\n<li>text \u015fi imagini, sub form\u0103 de documente in format PDF;<\/li>\n<li>\u00eenregistr\u0103ri audio;<\/li>\n<li>\u00eenregistr\u0103ri video.<\/li>\n<\/ul>\n<p><span style=\"color: #993300;\"><strong>Cursul mai con\u0163ine LA FIECARE MODUL:<\/strong><\/span><\/p>\n<ul>\n<li>teme;<\/li>\n<li>teste de verificarea cuno\u015ftin\u0163elor<\/li>\n<li>resurse bibliografice;<\/li>\n<li>resurse online.<\/li>\n<\/ul>\n","protected":false},"excerpt":{"rendered":"<p><strong>Curs introductiv despre sursele de venit pasiv.<\/strong><\/p>\n<p>Un curs online de Luca Dezmir, prezent pe platforma de<strong>\u00a0e-learning leducativ.com<\/strong><\/p>\n<p><span style=\"font-family: Verdana, Arial, Helvetica, sans-serif; font-size: 11px; font-style: normal; text-align: center; background-color: #fe6202;\"><strong>Accesul se realizeaz\u0103 prin internet. Durata de acces la curs este nelimitata. Vei primi acces la curs dupa confirmarea platii, in termen de 1-2 zile lucratoare, de obicei mai repede.<\/strong><\/span><\/p>\n","protected":false},"featured_media":3640,"comment_status":"open","ping_status":"closed","template":"","meta":{"_mi_skip_tracking":false,"_exactmetrics_sitenote_active":false,"_exactmetrics_sitenote_note":"","_exactmetrics_sitenote_category":0},"product_cat":[16],"product_tag":[236,237,234,210,235],"acf":[],"_links":{"self":[{"href":"https:\/\/lucadezmir.com\/shop\/wp-json\/wp\/v2\/product\/3638"}],"collection":[{"href":"https:\/\/lucadezmir.com\/shop\/wp-json\/wp\/v2\/product"}],"about":[{"href":"https:\/\/lucadezmir.com\/shop\/wp-json\/wp\/v2\/types\/product"}],"replies":[{"embeddable":true,"href":"https:\/\/lucadezmir.com\/shop\/wp-json\/wp\/v2\/comments?post=3638"}],"wp:featuredmedia":[{"embeddable":true,"href":"https:\/\/lucadezmir.com\/shop\/wp-json\/wp\/v2\/media\/3640"}],"wp:attachment":[{"href":"https:\/\/lucadezmir.com\/shop\/wp-json\/wp\/v2\/media?parent=3638"}],"wp:term":[{"taxonomy":"product_cat","embeddable":true,"href":"https:\/\/lucadezmir.com\/shop\/wp-json\/wp\/v2\/product_cat?post=3638"},{"taxonomy":"product_tag","embeddable":true,"href":"https:\/\/lucadezmir.com\/shop\/wp-json\/wp\/v2\/product_tag?post=3638"}],"curies":[{"name":"wp","href":"https:\/\/api.w.org\/{rel}","templated":true}]}}