{"id":3620,"date":"2018-12-14T22:55:20","date_gmt":"2018-12-14T22:55:20","guid":{"rendered":"https:\/\/lucadezmir.com\/shop-beta\/?post_type=product&#038;p=3620"},"modified":"2023-02-21T15:51:56","modified_gmt":"2023-02-21T15:51:56","slug":"chrysalis-varianta-de-luxe","status":"publish","type":"product","link":"https:\/\/lucadezmir.com\/shop\/produs\/chrysalis-varianta-de-luxe\/","title":{"rendered":"CHRYSALIS varianta De Luxe"},"content":{"rendered":"<p><strong>\u00a0CHRYSALIS &#8211; cum s\u0103 ob\u0163ii independen\u0163a financiar\u0103 cu ajutorul surselor de venit pasiv<\/strong><\/p>\n<p><span style=\"font-family: Verdana, Arial, Helvetica, sans-serif; font-size: 11px; font-style: normal; text-align: center; background-color: #fe6202;\">\u00a0 Un curs de Luca Dezmir, \u00een format video, audio \u015fi text,<strong>\u00a0online, avand ca bonusuri obiecte de birou cu citate motivationale.<\/strong><\/span><\/p>\n<p>&nbsp;<\/p>\n<p><span style=\"color: #ff0000; font-size: 14pt;\"><strong>FOARTE IMPORTANT!<\/strong><\/span><\/p>\n<p><strong><span style=\"color: #ff0000;\">\u00a0 Dupa ce avem confirmarea platii Dvs., veti primi un email cu un link, de unde veti descarca un document cu detalii despre accesul la curs.<\/span><\/strong><\/p>\n<hr \/>\n<p><span style=\"color: #993300;\"><strong>Prezentare:<\/strong><\/span><\/p>\n<p><span style=\"color: #993300;\">&#8211; acces la cursul online<\/span><\/p>\n<p><span style=\"color: #993300;\">&#8211; produse bonus*<\/span><\/p>\n<p><span style=\"font-size: 1.6em; letter-spacing: .01em;\"><span style=\"color: #fe6202;\">Ce con\u0163ine Chrysalis?<\/span><\/span><\/p>\n<p>Suficient\u0103 informa\u0163ie pentru a ob\u0163ine independen\u0163a financiar\u0103!Adev\u0103rul este c\u0103 pentru a ajunge la independen\u0163\u0103 financiar\u0103 e nevoie doar de\u00a0<strong>dorin\u0163\u0103<\/strong>. Motiva\u0163ia te \u00eempinge s\u0103 studiezi, s\u0103 \u00eencerci \u015fi s\u0103 ai e\u015fecuri dup\u0103 esecuri p\u00e2n\u0103 \u00een momentul \u00een care vei g\u0103si metoda care func\u0163ioneaz\u0103.<\/p>\n<p><strong>\u00a0 Ce \u00ee\u0163i ofer eu \u00een Chrysalis sunt<\/strong>&#8230;principii care func\u0163ioneaza \u00een orice zon\u0103 a lunii, \u00een orice mediu economic, de criz\u0103 sau de cre\u015ftere, metode \u015fi tehnici pe care le-am folosit personal pentru a atinge independen\u0163a financiar\u0103<\/p>\n<p>Aceste informa\u0163ii sunt suficient de detaliate pentru a porni pe drumul spre independen\u0163a financiar\u0103 \u015fi pentru a ajunge acolo.\u00a0<strong>C\u00e2t de repede?<\/strong>\u00a0Depinde de tine, de c\u00e2t de repede vei studia resursele de pe internet \u015fi c\u0103r\u0163ile din bibliografie, \u015fi c\u00e2t vei fi de hot\u0103r\u00e2t s\u0103 aplici \u00een practic\u0103 informatiile.<\/p>\n<p>Cursul este oferit pe una dintre cele mai performante platforme de curs online . Metodele de lucru\u00a0<strong>interactive<\/strong>\u00a0sunt deosebit de moderne, permi\u0163\u00e2nd s\u0103-\u0163i descoperi credin\u0163ele limitative care te impiedic\u0103 s\u0103 faci bani, s\u0103-\u0163i determini stadiul de informare \u015fi experien\u0163a pe care le ai \u015fi, \u00een acest fel, s\u0103 selec\u0163ionezi de la \u00eenceput complexitatea materialelor pe care vrei s\u0103 le studiezi (\u00eencep\u00e2nd cu informa\u0163iile de baza sau trec\u00e2nd direct la informa\u0163ii avansate).<\/p>\n<p>Informa\u0163ia este oferit\u0103 \u00een variate forme de prezentare:<\/p>\n<ul>\n<li>text \u015fi imagini, sub form\u0103 de documente in format PDF;<\/li>\n<li>\u00eenregistr\u0103ri audio;<\/li>\n<li>\u00eenregistr\u0103ri video;<\/li>\n<li>prezent\u0103ri in format PowerPoint.<\/li>\n<\/ul>\n<p><span style=\"font-size: 1.6em; letter-spacing: .01em;\"><span style=\"color: #fe6202;\">Con\u0163inutul cursului<\/span><\/span><\/p>\n<p>Este un curs online ce con\u0163ine:<\/p>\n<div class=\"pro_txt\">\n<ul>\n<li><span style=\"color: #993300;\"><strong>6 module<\/strong><\/span>\u00a0(materiale sub form\u0103 video, audio \u015fi text);<\/li>\n<li><span style=\"color: #993300;\"><strong>un modul Bonus personalizat<\/strong>\u00a0<\/span>(cu video-uri pe teme votate a fi cele mai importante, de c\u0103tre prima serie de cursan\u0163i Chrysalis);<\/li>\n<li><span style=\"color: #993300;\"><strong>un modul realizat de invitatul special Liviu Pasat<\/strong><\/span>, despre surse de venit pasiv din domeniul afacerilor de tip network marketing;<\/li>\n<li><span style=\"color: #993300;\"><strong>\u00eenregistrarea a 7 webinarii<\/strong>\u00a0<\/span>cu \u00eentreb\u0103rile cele mai \u00eent\u00e2lnite, ale primei serii de cursan\u0163i Chrisalis, legate de temele celor 6 module, la care am r\u0103spuns \u00een detaliu.<\/li>\n<\/ul>\n<p><span style=\"color: #fe6202;\"><strong><em>\u00cen plus<\/em><\/strong>, cursul con\u0163ine:<\/span><\/p>\n<ul>\n<li>resurse bibliografice;<\/li>\n<li>resurse online;<\/li>\n<li>teste de autocunoa\u015ftere;<\/li>\n<li>teste de verificare a cuno\u015ftintelor;<\/li>\n<li>teme pentru acas\u0103.<\/li>\n<\/ul>\n<\/div>\n<p><span class=\"Apple-style-span\" style=\"font-size: 15px; font-weight: bold; line-height: 40px; color: #993300;\">Cele 6 modulele vor avea urm\u0103torul con\u0163inut:<\/span><\/p>\n<ul>\n<li>un modul de introducere \u015fi teorie general\u0103;<\/li>\n<li>un modul despre optimizarea financiar\u0103 ca punct de plecare \u00een atingerea independen\u0163ei financiare;<\/li>\n<li>un modul despre afaceri ca surs\u0103 de venit pasiv;<\/li>\n<li>un modul despre investi\u0163ii ca surs\u0103 de venit pasiv;<\/li>\n<li>un modul despre drepturile de proprietate intelectual\u0103 ca surse de venit pasiv;<\/li>\n<li>un modul despre cum s\u0103 transformi o surs\u0103 de venit \u00eentr-o surs\u0103 de venit pasiv.<\/li>\n<\/ul>\n<p><span class=\"Apple-style-span\" style=\"color: #606060; font-family: Tahoma, Verdana, Arial, Helvetica, sans-serif; font-size: 14px; line-height: 21px;\"><strong>BONUSURI:<\/strong><\/span><\/p>\n<ul>\n<li>Cartea\u00a0<span style=\"color: #fe6202;\"><strong>&#8222;Mai tare ca banca&#8221;<\/strong><\/span>\u00a0despre metode eficiente pentru a-\u0163i pl\u0103ti mai u\u015for datoriile la b\u0103nci (carte \u00een format electronic);<\/li>\n<li><span style=\"color: #fe6202;\"><strong>Suport post curs<\/strong><\/span>\u00a0format din 12 emailuri, cu pa\u015fi simpli pentru a-\u0163i construi un blog sau un site \u015fi pentru a-\u0163i construi 2-3 surse de venit pasiv online.<\/li>\n<\/ul>\n<p><span style=\"color: #ff0000; font-size: 14pt;\"><strong>Iat\u0103 ce con\u0163ine pachetul DE LUXE:<\/strong><\/span><\/p>\n<ul>\n<li>cursul\u00a0<strong>CHRYSALIS<\/strong>\u00a0in varianta online (pe internet) plus&#8230;<\/li>\n<\/ul>\n<p><span class=\"Apple-style-span\" style=\"font-size: 15px; font-weight: bold; line-height: 40px; color: #993300;\">Produse aditionale (bonus)*<\/span><\/p>\n<ul>\n<li>un\u00a0<strong>ceas de birou<\/strong>\u00a0cu dat\u0103 \u015fi temperatur\u0103;\u00a0<img decoding=\"async\" src=\"http:\/\/lucadezmir.com\/chrysalis\/images\/suport-_ceas_.jpg\" alt=\"\" \/><\/li>\n<li>un\u00a0<strong>calculator de portmoneu<\/strong>\u00a0\u00een format &#8222;carte de credit&#8221;;\u00a0<img decoding=\"async\" src=\"http:\/\/lucadezmir.com\/chrysalis\/images\/calculator_.jpg\" alt=\"\" \/><\/li>\n<li>o\u00a0<strong>cutie metalic\u0103<\/strong>\u00a0pentru c\u0103r\u0163i de vizit\u0103;\u00a0<img decoding=\"async\" src=\"http:\/\/lucadezmir.com\/chrysalis\/images\/carti_vizita.jpg\" alt=\"\" \/><\/li>\n<li>un\u00a0<strong>pix metalic<\/strong>\u00a0elegant;\u00a0<img decoding=\"async\" src=\"http:\/\/lucadezmir.com\/chrysalis\/images\/pix.jpg\" alt=\"\" \/><\/li>\n<li>un\u00a0<strong>semn de carte<\/strong>\u00a0magnetic.\u00a0<img decoding=\"async\" src=\"http:\/\/lucadezmir.com\/chrysalis\/images\/semn.jpg\" alt=\"\" \/><\/li>\n<\/ul>\n<p><span style=\"color: #ff0000;\"><strong>Toate obiectele sunt personalizate cu citate motiva\u0163ionale!<\/strong><\/span><\/p>\n<p>Schimbarea pe care vrei s-o faci \u00een via\u0163a ta, pentru atingerea independen\u0163ei financiare, e necesar s\u0103 fie sprijinit\u0103 cu<strong>\u00a0aspecte ale imaginii tale.<\/strong>\u00a0De aceea am considerat c\u0103 pachetul educa\u0163ional\u00a0<strong>DE LUXE<\/strong>, prin elementele suplimentare pe care le con\u0163ine (map\u0103, cutia de c\u0103r\u0163i de vizit\u0103, calculator etc.),\u00a0<strong>personalizate cu citate motiva\u0163ionale<\/strong>, te vor ajuta \u00een con\u015ftientizarea acestei schimb\u0103ri.<\/p>\n<p><span style=\"color: #ff0000;\">*Produsele adi\u0163ionale (bonus) vor fi disponibile \u00een con\u0163inutul pachetului \u00een limita stocului disponibil.<br \/>\n<\/span><\/p>\n<p>&nbsp;<\/p>\n","protected":false},"excerpt":{"rendered":"<p><strong>\u00a0CHRYSALIS &#8211; cum s\u0103 ob\u0163ii independen\u0163a financiar\u0103 cu ajutorul surselor de venit pasiv<\/strong><\/p>\n<p><span style=\"background-color: #fe6202;\">\u00a0 Un curs de Luca Dezmir, \u00een format video, audio \u015fi text,<strong>\u00a0online, avand ca bonusuri obiecte de birou cu citate motivationale.<\/strong><\/span><\/p>\n","protected":false},"featured_media":3622,"comment_status":"open","ping_status":"closed","template":"","meta":{"_mi_skip_tracking":false,"_exactmetrics_sitenote_active":false,"_exactmetrics_sitenote_note":"","_exactmetrics_sitenote_category":0},"product_cat":[16],"product_tag":[210,225,211,226,228],"acf":[],"_links":{"self":[{"href":"https:\/\/lucadezmir.com\/shop\/wp-json\/wp\/v2\/product\/3620"}],"collection":[{"href":"https:\/\/lucadezmir.com\/shop\/wp-json\/wp\/v2\/product"}],"about":[{"href":"https:\/\/lucadezmir.com\/shop\/wp-json\/wp\/v2\/types\/product"}],"replies":[{"embeddable":true,"href":"https:\/\/lucadezmir.com\/shop\/wp-json\/wp\/v2\/comments?post=3620"}],"wp:featuredmedia":[{"embeddable":true,"href":"https:\/\/lucadezmir.com\/shop\/wp-json\/wp\/v2\/media\/3622"}],"wp:attachment":[{"href":"https:\/\/lucadezmir.com\/shop\/wp-json\/wp\/v2\/media?parent=3620"}],"wp:term":[{"taxonomy":"product_cat","embeddable":true,"href":"https:\/\/lucadezmir.com\/shop\/wp-json\/wp\/v2\/product_cat?post=3620"},{"taxonomy":"product_tag","embeddable":true,"href":"https:\/\/lucadezmir.com\/shop\/wp-json\/wp\/v2\/product_tag?post=3620"}],"curies":[{"name":"wp","href":"https:\/\/api.w.org\/{rel}","templated":true}]}}