{"id":3593,"date":"2018-12-14T21:50:47","date_gmt":"2018-12-14T21:50:47","guid":{"rendered":"https:\/\/lucadezmir.com\/shop-beta\/?post_type=product&#038;p=3593"},"modified":"2023-02-21T16:00:04","modified_gmt":"2023-02-21T16:00:04","slug":"iesi-din-labirint-editia-a-ii-a-de-luca-dezmir","status":"publish","type":"product","link":"https:\/\/lucadezmir.com\/shop\/produs\/iesi-din-labirint-editia-a-ii-a-de-luca-dezmir\/","title":{"rendered":"&#8222;Ie\u015fi din labirint&#8221;, editia a II-a, de Luca Dezmir"},"content":{"rendered":"<p>O carte despre cum s\u0103-\u0163i g\u0103se\u015fti independe\u0163a financiar\u0103, folosind principiile finan\u0163elor personale \u015fi investi\u0163iile. Prezint\u0103 experien\u0163a personal\u0103 a autorului, \u00een Rom\u00e2nia.\u00a0<span style=\"color: #993300;\"><strong>Editia a doua contine corecturi si adaugiri la prima editie.<\/strong><\/span><\/p>\n<p><span class=\"Apple-style-span\" style=\"color: #606060; font-family: Tahoma, Verdana, Arial, Helvetica, sans-serif; font-size: 14px; line-height: 21px;\"><strong>Detalii<\/strong><\/span><\/p>\n<p><span style=\"color: #fe6202;\"><strong>Dimensiuni:<\/strong>\u00a0<\/span>14&#215;20 cm<\/p>\n<p><span style=\"color: #fe6202;\"><strong>Greutate:<\/strong>\u00a0390 gr.<\/span><\/p>\n<p><span style=\"color: #fe6202;\"><strong>ISBN:<\/strong>\u00a0978-973-631-597-8<\/span><\/p>\n<p><span style=\"color: #fe6202;\"><strong>Num\u0103r de pagini:<\/strong>\u00a0338<\/span><\/p>\n<p><span style=\"color: #fe6202;\"><strong>Prezentare:<\/strong><\/span>\u00a0copert\u0103 (o culoare) plus supracopert\u0103 (policromie)<\/p>\n<p><span style=\"color: #fe6202;\"><strong>Mai multe detalii<\/strong><\/span>\u00a0despre con\u0163inutul c\u0103r\u0163ii sunt disponibile la aceast\u0103 pagin\u0103 de internet (<a href=\"iesidinlabirint.ro\">click aici<\/a>).<\/p>\n<p><span style=\"color: #fe6202;\"><strong>Po\u0163i primi prin email, GRATUIT<\/strong><\/span>, primele capitole din carte, dac\u0103 accesezi\u00a0<a href=\"http:\/\/milionarulmioritic.com\/citeste-gratuit-capitolele-introductive-din-iesi-din-labirint\/\">aceasta pagin\u0103<\/a>.<\/p>\n","protected":false},"excerpt":{"rendered":"<p>O carte despre cum s\u0103-\u0163i g\u0103se\u015fti independe\u0163a financiar\u0103, folosind principiile finan\u0163elor personale \u015fi investi\u0163iile. Prezint\u0103 experien\u0163a personal\u0103 a autorului, \u00een Rom\u00e2nia.<\/p>\n","protected":false},"featured_media":3594,"comment_status":"open","ping_status":"closed","template":"","meta":{"_mi_skip_tracking":false,"_exactmetrics_sitenote_active":false,"_exactmetrics_sitenote_note":"","_exactmetrics_sitenote_category":0},"product_cat":[23],"product_tag":[209,212,210,211],"acf":[],"_links":{"self":[{"href":"https:\/\/lucadezmir.com\/shop\/wp-json\/wp\/v2\/product\/3593"}],"collection":[{"href":"https:\/\/lucadezmir.com\/shop\/wp-json\/wp\/v2\/product"}],"about":[{"href":"https:\/\/lucadezmir.com\/shop\/wp-json\/wp\/v2\/types\/product"}],"replies":[{"embeddable":true,"href":"https:\/\/lucadezmir.com\/shop\/wp-json\/wp\/v2\/comments?post=3593"}],"wp:featuredmedia":[{"embeddable":true,"href":"https:\/\/lucadezmir.com\/shop\/wp-json\/wp\/v2\/media\/3594"}],"wp:attachment":[{"href":"https:\/\/lucadezmir.com\/shop\/wp-json\/wp\/v2\/media?parent=3593"}],"wp:term":[{"taxonomy":"product_cat","embeddable":true,"href":"https:\/\/lucadezmir.com\/shop\/wp-json\/wp\/v2\/product_cat?post=3593"},{"taxonomy":"product_tag","embeddable":true,"href":"https:\/\/lucadezmir.com\/shop\/wp-json\/wp\/v2\/product_tag?post=3593"}],"curies":[{"name":"wp","href":"https:\/\/api.w.org\/{rel}","templated":true}]}}